032.
472
Calculate the greatest common divisor of 21750 and 40.
10
Calculate the highest common factor of 12998 and 1474.
134
What is the highest common divisor of 76 and 872?
4
What is the highest common divisor of 16585 and 8060?
155
What is the greatest common factor of 358397 and 88511?
1451
Calculate the highest common factor of 100301 and 38.
19
What is the greatest common divisor of 11780 and 20?
20
Calculate the highest common divisor of 3638 and 17000.
34
Calculate the greatest common factor of 166 and 2227222.
166
What is the highest common divisor of 280637 and 3?
1
Calculate the highest common divisor of 69 and 9252141.
69
What is the highest common divisor of 1728 and 2133?
27
Calculate the greatest common factor of 304 and 536864.
304
What is the highest common factor of 316 and 1456365?
79
Calculate the greatest common factor of 592 and 740.
148
What is the greatest common divisor of 3078 and 48811?
19
Calculate the greatest common factor of 414 and 57762.
18
What is the greatest common divisor of 106 and 5252?
2
Calculate the greatest common divisor of 1458816 and 696.
696
What is the greatest common divisor of 13152 and 384?
96
Calculate the highest common divisor of 40 and 9340.
20
Calculate the greatest common divisor of 111 and 8843.
37
Calculate the greatest common factor of 190536 and 680.
136
What is the greatest common divisor of 224516 and 164?
164
What is the greatest common divisor of 16781 and 19788?
97
Calculate the greatest common factor of 105 and 240205.
35
Calculate the highest common divisor of 4588 and 38961.
37
Calculate the highest common divisor of 952 and 34867.
119
Calculate the highest common divisor of 1009638 and 27.
27
Calculate the highest common factor of 7 and 214298.
7
What is the highest common divisor of 2223 and 377?
13
Calculate the highest common divisor of 4821776 and 32.
16
Calculate the greatest common divisor of 271905 and 900.
15
What is the highest common divisor of 314 and 30929?
157
Calculate the highest common factor of 17222 and 3488.
218
Calculate the highest common divisor of 175 and 915.
5
Calculate the highest common factor of 272 and 901.
17
What is the highest common factor of 347134 and 296?
74
Calculate the greatest common divisor of 876901 and 2043.
227
What is the greatest common divisor of 198 and 439758?
198
What is the highest common factor of 17249 and 141?
47
What is the highest common factor of 45 and 38685?
15
Calculate the greatest common factor of 440 and 358765.
55
Calculate the greatest common factor of 1130472 and 1512.
504
What is the highest common divisor of 8064 and 934080?
1344
Calculate the greatest common divisor of 57200 and 6448.
208
What is the greatest common factor of 102015 and 45?
45
Calculate the highest common factor of 23382 and 918.
54
Calculate the greatest common divisor of 106946 and 1078.
14
Calculate the greatest common factor of 11 and 18185.
1
Calculate the highest common factor of 67 and 102376.
67
What is the greatest common divisor of 46934 and 57532?
1514
What is the greatest common divisor of 544882 and 988?
494
What is the highest common factor of 19136 and 4264?
104
Calculate the greatest common factor of 6191 and 3775.
151
Calculate the greatest common divisor of 78312 and 1222.
26
Calculate the greatest common factor of 152 and 2698.
38
Calculate the greatest common factor of 11092 and 8968.
236
Calculate the highest common factor of 5074 and 268.
2
What is the greatest common divisor of 2629276 and 295?
59
What is the highest common factor of 1880816 and 32?
16
Calculate the highest common factor of 236 and 35813.
59
What is the greatest common factor of 2940 and 193060?
980
Calculate the greatest common factor of 2112 and 1089.
33
Calculate the highest common factor of 24 and 26211.
3
Calculate the highest common divisor of 70767 and 675.
27
Calculate the highest common factor of 4914 and 8946.
126
What is the highest common divisor of 220545 and 42543?
261
What is the greatest common divisor of 783450 and 1350?
450
What is the greatest common factor of 496 and 3007?
31
Calculate the highest common divisor of 23065 and 105.
35
Calculate the greatest common divisor of 20295 and 9845.
55
What is the highest common divisor of 3869 and 1168?
73
Calculate the greatest common factor of 5440 and 3230.
170
Calculate the highest common divisor of 26807 and 44.
11
Calculate the highest common factor of 2040 and 930.
30
What is the highest common divisor of 154 and 320584?
22
Calculate the greatest common divisor of 925175 and 1725.
575
What is the highest common divisor of 413 and 56?
7
What is the highest common divisor of 221 and 952?
17
What is the highest common divisor of 176 and 237732?
44
Calculate the highest common factor of 7480 and 7040.
440
Calculate the highest common divisor of 1485301 and 379.
379
Calculate the highest common divisor of 55678 and 3686.
194
Calculate the highest common factor of 215 and 298721.
43
What is the highest common factor of 6354 and 4554?
18
Calculate the greatest common factor of 365573 and 39.
13
Calculate the highest common divisor of 371 and 7042.
7
What is the highest common divisor of 16318270 and 230?
230
Calculate the greatest common factor of 154 and 82544.
154
What is the highest common divisor of 2672 and 20708?
668
What is the highest common divisor of 65895 and 3105?
345
What is the highest common factor of 9552 and 558195?
597
What is the greatest common factor of 1551072 and 432?
48
What is the greatest common factor of 700 and 725?
25
Calculate the highest common factor of 615 and 11835.
15
What is the highest common divisor of 1407 and 2010?
201
What is the greatest common divisor of 1737 and 2097?
9
What is the highest common divisor of 8640 and 13504?
64
What is the greatest common factor of 22 and 40601?
11
Calculate the greatest common factor of 1199 and 429.
11
What is the highest common factor of 2528980 and 217?
31
Calculate the highest common factor of 938267 and 66.
11
Calculate the highest common factor of 2710 and 575062.
542
Calculate the highest common factor of 259 and 1846300.
37
Calculate the greatest common factor of 1177 and 4153633.
1177
Calculate the greatest common divisor of 582 and 58782.
582
What is the greatest common divisor of 2 and 28269?
1
What is the greatest common divisor of 6 and 777?
3
What is the highest common factor of 762720 and 240?
240
What is the highest common divisor of 160712 and 72?
8
What is the highest common divisor of 832 and 40144?
208
What is the highest common factor of 12367 and 20667?
83
Calculate the greatest common divisor of 372208 and 24.
8
What is the highest common divisor of 400944 and 48?
48
What is the highest common factor of 52066 and 14?
14
What is the greatest common divisor of 2736 and 4496?
16
Calculate the greatest common divisor of 1239 and 31152.
177
What is the highest common divisor of 12402 and 5226?
78
Calculate the greatest common factor of 177587 and 514.
257
What is the greatest common divisor of 20 and 1660124?
4
Calculate the highest common factor of 4089979 and 17.
17
What is the highest common divisor of 25016 and 8968?
472
What is the greatest common factor of 640 and 1088?
64
What is the greatest common factor of 17626 and 21686?
14
Calculate the highest common divisor of 274 and 593073.
137
Calculate the greatest common factor of 16 and 1210464.
16
Calculate the greatest common factor of 9408 and 5145.
147
What is the highest common divisor of 45236 and 2367?
263
Calculate the greatest common factor of 12 and 28284.
12
Calculate the highest common factor of 28578 and 198.
66
Calculate the greatest common factor of 27632 and 3542.
22
What is the highest common divisor of 228445 and 35?
35
Calculate the greatest common divisor of 271676 and 46.
46
Calculate the greatest common factor of 625 and 22375.
125
Calculate the greatest common divisor of 6438 and 9102.
222
Calculate the highest common factor of 87 and 107532.
87
What is the greatest common factor of 35224 and 1184?
296
Calculate the highest common factor of 132182 and 387.
43
Calculate the highest common divisor of 303 and 84335.
101
What is the highest common factor of 5213 and 1651?
13
Calculate the highest common factor of 7327 a